{"id":731,"date":"2022-09-27T14:36:25","date_gmt":"2022-09-27T14:36:25","guid":{"rendered":"https:\/\/abiutiendaonline.com\/home\/?page_id=731"},"modified":"2022-09-27T14:37:18","modified_gmt":"2022-09-27T14:37:18","slug":"cambios-garantias-y-devoluciones","status":"publish","type":"page","link":"https:\/\/abiutiendaonline.com\/home\/cambios-garantias-y-devoluciones\/","title":{"rendered":"Cambios, Garant\u00edas y Devoluciones"},"content":{"rendered":"\t\t<div data-elementor-type=\"wp-page\" data-elementor-id=\"731\" class=\"elementor elementor-731\" data-elementor-settings=\"[]\">\n\t\t\t\t\t\t\t<div class=\"elementor-section-wrap\">\n\t\t\t\t\t\t\t<section class=\"elementor-section elementor-top-section elementor-element elementor-element-60c18ec elementor-section-boxed elementor-section-height-default elementor-section-height-default\" data-id=\"60c18ec\" data-element_type=\"section\">\n\t\t\t\t\t\t<div class=\"elementor-container elementor-column-gap-default\">\n\t\t\t\t\t<div class=\"elementor-column elementor-col-100 elementor-top-column elementor-element elementor-element-fd37fe4\" data-id=\"fd37fe4\" data-element_type=\"column\">\n\t\t\t<div class=\"elementor-widget-wrap elementor-element-populated\">\n\t\t\t\t\t\t\t\t<div class=\"elementor-element elementor-element-96e4137 elementor-widget elementor-widget-heading\" data-id=\"96e4137\" data-element_type=\"widget\" data-widget_type=\"heading.default\">\n\t\t\t\t<div class=\"elementor-widget-container\">\n\t\t\t<h2 class=\"elementor-heading-title elementor-size-default\"><b>Pol\u00edticas De Cambio Abiu Tienda Online<\/b><\/h2>\t\t<\/div>\n\t\t\t\t<\/div>\n\t\t\t\t\t<\/div>\n\t\t<\/div>\n\t\t\t\t\t\t\t<\/div>\n\t\t<\/section>\n\t\t\t\t<section class=\"elementor-section elementor-top-section elementor-element elementor-element-17e8477 elementor-section-boxed elementor-section-height-default elementor-section-height-default\" data-id=\"17e8477\" data-element_type=\"section\">\n\t\t\t\t\t\t<div class=\"elementor-container elementor-column-gap-default\">\n\t\t\t\t\t<div class=\"elementor-column elementor-col-100 elementor-top-column elementor-element elementor-element-1bec586\" data-id=\"1bec586\" data-element_type=\"column\">\n\t\t\t<div class=\"elementor-widget-wrap elementor-element-populated\">\n\t\t\t\t\t\t\t\t<div class=\"elementor-element elementor-element-d35e05b elementor-widget elementor-widget-text-editor\" data-id=\"d35e05b\" data-element_type=\"widget\" data-widget_type=\"text-editor.default\">\n\t\t\t\t<div class=\"elementor-widget-container\">\n\t\t\t\t\t\t\t\t<p style=\"text-align: left;\"><strong>Cambios<\/strong><\/p><ul style=\"text-align: left;\"><li>\u00a0Para hacer tu cambio puedes comunicarte a la l\u00ednea de Whatsapp 3124681462 de Lunes a Viernes de 9:30 am a 6pm Sabados de 9:30am a 1pm\u00a0 Domingos y Festivos No tenemos atenci\u00f3n.<\/li><li>Los cambios los realizamos por talla o color de la misma referencia (pueden haber algunas excepciones)\u00a0<\/li><li>En el momento del cambio, las prendas deben tener las marquillas y etiquetas pegadas y la prenda debe estar en perfecto estado.<\/li><li>Tienes 30 d\u00edas calendario desde que te llega la ropa para hacer el cambio.<\/li><li>El cambio o devoluci\u00f3n no aplica si usaste la ropa o si son\u00a0 Bodies, ya que se consideran como ropa interior.<\/li><\/ul><p style=\"text-align: left;\"><strong>\u00bfC\u00f3mo hacer un cambio?<\/strong><\/p><ol style=\"text-align: left;\"><li>Si deseas realizar el cambio por talla o color de la misma referencia puedes dirigirte<br \/>a la transportadora (env\u00eda o Interrapidisimo ) donde te recibir\u00e1n el producto, aqu\u00ed el cliente acarrear\u00eda<br \/>con los gastos del envi\u00f3. *Para realizar el cambio debes enviar la prenda a la<br \/>direcci\u00f3n CRA 78 A N 6B-28 apto 404 int 14 -ciudad Bogot\u00e1. A nombre de Andrea<br \/>Jim\u00e9nez flete al contado. Una vez se realice el envi\u00f3, debes enviarnos una foto de la<br \/>gu\u00eda para poder agendar el envi\u00f3 de la nueva prenda.<\/li><\/ol><p style=\"text-align: left;\">\u00a0<\/p><p style=\"text-align: left;\">2.\u00a0 Si el producto llega con defectos de f\u00e1brica o error de producto, deber\u00e1s notificar a<br \/>trav\u00e9s de nuestras l\u00edneas de WhatsApp 312 468 14 62\u00a0 el producto<br \/>con una foto y\/o imagen para verificaci\u00f3n del cambio. Una vez se apruebe<br \/>internamente el cambio Abi\u00fa tienda online acarrear\u00eda con los pagos del envi\u00f3 al<br \/>contado<\/p><p><strong>Garant\u00edas<\/strong><\/p><ol><li>Comun\u00edcate con la l\u00ednea de atenci\u00f3n de Whatsapp 3124681462 para ayudarte.<\/li><li>Una vez aprobada la garant\u00eda te haremos el cambio por otro producto o te devolveremos el dinero.<\/li><\/ol><p><em>Importante:<\/em>\u00a0Nuestra garant\u00eda es de\u00a0<strong>60 d\u00edas<\/strong> despu\u00e9s de la compra. La vida \u00fatil de la ropa depende de su cuidado y condiciones de uso, por eso la garant\u00eda no aplica en productos da\u00f1ados por uso, desgaste normal o mal uso en el lavado.<\/p><p><strong>Devoluciones<\/strong><\/p><p>1. Comun\u00edcate con la l\u00ednea de atenci\u00f3n de Whatsapp 3124681462 para ayudarte. \u00a0<\/p><p>2. Tienes 3 d\u00edas h\u00e1biles a partir del d\u00eda que recibas el producto para notificarnos la devoluci\u00f3n y la raz\u00f3n por la cual quieres hacer la devoluci\u00f3n. Tu debes asumir los gastos de env\u00edo.<\/p><p>3. La devoluci\u00f3n de dinero pueden tomar entre 5 a 15 d\u00edas h\u00e1biles seg\u00fan el medio de pago que hayas usado. Comienzan a contar desde que nos llega la ropa.<\/p>\t\t\t\t\t\t<\/div>\n\t\t\t\t<\/div>\n\t\t\t\t\t<\/div>\n\t\t<\/div>\n\t\t\t\t\t\t\t<\/div>\n\t\t<\/section>\n\t\t\t\t\t\t<\/div>\n\t\t\t\t\t<\/div>\n\t\t","protected":false},"excerpt":{"rendered":"<p>Pol\u00edticas De Cambio Abiu Tienda Online Cambios \u00a0Para hacer tu cambio puedes comunicarte a la l\u00ednea de Whatsapp 3124681462 de Lunes a Viernes de 9:30 am a 6pm Sabados de 9:30am a 1pm\u00a0 Domingos y Festivos No tenemos atenci\u00f3n. Los cambios los realizamos por talla o color de la misma&hellip; <\/p>\n","protected":false},"author":1,"featured_media":0,"parent":0,"menu_order":0,"comment_status":"closed","ping_status":"closed","template":"elementor_canvas","meta":{"_monsterinsights_skip_tracking":false,"_monsterinsights_sitenote_active":false,"_monsterinsights_sitenote_note":"","_monsterinsights_sitenote_category":0,"footnotes":""},"class_list":["post-731","page","type-page","status-publish","hentry"],"_links":{"self":[{"href":"https:\/\/abiutiendaonline.com\/home\/wp-json\/wp\/v2\/pages\/731","targetHints":{"allow":["GET"]}}],"collection":[{"href":"https:\/\/abiutiendaonline.com\/home\/wp-json\/wp\/v2\/pages"}],"about":[{"href":"https:\/\/abiutiendaonline.com\/home\/wp-json\/wp\/v2\/types\/page"}],"author":[{"embeddable":true,"href":"https:\/\/abiutiendaonline.com\/home\/wp-json\/wp\/v2\/users\/1"}],"replies":[{"embeddable":true,"href":"https:\/\/abiutiendaonline.com\/home\/wp-json\/wp\/v2\/comments?post=731"}],"version-history":[{"count":7,"href":"https:\/\/abiutiendaonline.com\/home\/wp-json\/wp\/v2\/pages\/731\/revisions"}],"predecessor-version":[{"id":738,"href":"https:\/\/abiutiendaonline.com\/home\/wp-json\/wp\/v2\/pages\/731\/revisions\/738"}],"wp:attachment":[{"href":"https:\/\/abiutiendaonline.com\/home\/wp-json\/wp\/v2\/media?parent=731"}],"curies":[{"name":"wp","href":"https:\/\/api.w.org\/{rel}","templated":true}]}}