{"id":3596,"date":"2024-04-10T22:47:36","date_gmt":"2024-04-10T22:47:36","guid":{"rendered":"https:\/\/abiutiendaonline.com\/home\/?post_type=product&#038;p=3596"},"modified":"2025-04-09T16:48:58","modified_gmt":"2025-04-09T16:48:58","slug":"outfit-72-2","status":"publish","type":"product","link":"https:\/\/abiutiendaonline.com\/home\/producto\/outfit-72-2\/","title":{"rendered":"Outfit # 74"},"content":{"rendered":"<p>\ud83d\udc96 Outfit # 70<\/p>\n<p>-Body b\u00e1sico blanco manga larga Talla: S M\u00a0 Material: Licra<br \/>\n-Falda gamuza miel\u00a0 Talla: S M L Material: Gamuza licrada<br \/>\n-Maxi abrigo Talla: S M Material: Pa\u00f1o licrado<\/p>\n<p>NOTA: El precio no incluye accesorios como sombreros, cinturones, gafas entre otros.<\/p>\n<p>-Producto 100% Colombiano<\/p>\n<p>\ud83d\ude9b\u00a0Env\u00edos a todo Colombia<\/p>\n<p>\u2013 Ciudades principales de 1 a 4 d\u00edas h\u00e1biles.<br \/>\n\u2013 Resto del pa\u00eds de 3 a 8 d\u00edas h\u00e1biles.<\/p>\n<p><strong><a href=\"https:\/\/api.whatsapp.com\/send?phone=573124681462\" target=\"_blank\" rel=\"noopener\">\ud83d\udcf2\u00a0Compra por Whatsapp!<\/a><\/strong><\/p>\n<p>&nbsp;<\/p>\n<p>&nbsp;<\/p>\n<p>&nbsp;<\/p>\n","protected":false},"excerpt":{"rendered":"<p>Un outfit super trendy y c\u00f3modo para el d\u00eda a d\u00eda o un d\u00eda de oficina.<\/p>\n","protected":false},"featured_media":3598,"comment_status":"open","ping_status":"closed","template":"","meta":{"_monsterinsights_skip_tracking":false,"_monsterinsights_sitenote_active":false,"_monsterinsights_sitenote_note":"","_monsterinsights_sitenote_category":0},"product_brand":[],"product_cat":[156],"product_tag":[286,43,100,282,283,277,278,279,254,255,256,317,316,21,27,28,29,30,160,314,414,315,280,281,35,284,285],"class_list":{"0":"post-3596","1":"product","2":"type-product","3":"status-publish","4":"has-post-thumbnail","6":"product_cat-outfits","7":"product_tag-busos-de-mujer","8":"product_tag-cardigan","9":"product_tag-cardigan-de-moda","10":"product_tag-cardigan-mujer","11":"product_tag-cardigan-tejido","12":"product_tag-chaleco","13":"product_tag-chaleco-mujer","14":"product_tag-chalecos","15":"product_tag-gaban","16":"product_tag-gaban-de-mujer","17":"product_tag-gabanes","18":"product_tag-look-mujer","19":"product_tag-look-para-la-universidad","20":"product_tag-moda","21":"product_tag-moda-colombia","22":"product_tag-moda-juvenil","23":"product_tag-moda-mujer","24":"product_tag-moda-online-colombia","25":"product_tag-outfit-casual","26":"product_tag-outfit-mujer","27":"product_tag-outfit-oficina","28":"product_tag-outfit-para-la-universidad","29":"product_tag-parkas","30":"product_tag-parkas-mujer","31":"product_tag-ropa-juvenil","32":"product_tag-tejidos","33":"product_tag-tejidos-mujer","35":"first","36":"instock","37":"taxable","38":"shipping-taxable","39":"purchasable","40":"product-type-variable"},"_links":{"self":[{"href":"https:\/\/abiutiendaonline.com\/home\/wp-json\/wp\/v2\/product\/3596","targetHints":{"allow":["GET"]}}],"collection":[{"href":"https:\/\/abiutiendaonline.com\/home\/wp-json\/wp\/v2\/product"}],"about":[{"href":"https:\/\/abiutiendaonline.com\/home\/wp-json\/wp\/v2\/types\/product"}],"replies":[{"embeddable":true,"href":"https:\/\/abiutiendaonline.com\/home\/wp-json\/wp\/v2\/comments?post=3596"}],"wp:featuredmedia":[{"embeddable":true,"href":"https:\/\/abiutiendaonline.com\/home\/wp-json\/wp\/v2\/media\/3598"}],"wp:attachment":[{"href":"https:\/\/abiutiendaonline.com\/home\/wp-json\/wp\/v2\/media?parent=3596"}],"wp:term":[{"taxonomy":"product_brand","embeddable":true,"href":"https:\/\/abiutiendaonline.com\/home\/wp-json\/wp\/v2\/product_brand?post=3596"},{"taxonomy":"product_cat","embeddable":true,"href":"https:\/\/abiutiendaonline.com\/home\/wp-json\/wp\/v2\/product_cat?post=3596"},{"taxonomy":"product_tag","embeddable":true,"href":"https:\/\/abiutiendaonline.com\/home\/wp-json\/wp\/v2\/product_tag?post=3596"}],"curies":[{"name":"wp","href":"https:\/\/api.w.org\/{rel}","templated":true}]}}