{"id":4547,"date":"2024-11-22T17:26:42","date_gmt":"2024-11-22T17:26:42","guid":{"rendered":"https:\/\/abiutiendaonline.com\/home\/?post_type=product&#038;p=4547"},"modified":"2025-05-30T19:52:51","modified_gmt":"2025-05-30T19:52:51","slug":"blusa-strapless-globo","status":"publish","type":"product","link":"https:\/\/abiutiendaonline.com\/home\/producto\/blusa-strapless-globo\/","title":{"rendered":"Blusa Strapless Globo"},"content":{"rendered":"<p>\ud83d\udc96 Blusa Strapless Globo<br \/>\nTalla: S M<br \/>\nMaterial: licra y popelina<br \/>\nManga Sin mangas<br \/>\nSilueta al cuerpo y suelta en la cadera<br \/>\nLargo: 45ms<br \/>\n-Producto 100% Colombiano<br \/>\n\u2013 La modelo esta usando una talla S, mide 1,65<\/p>\n<p>\ud83d\ude9b\u00a0Env\u00edos a todo Colombia<\/p>\n<p>\u2013 Ciudades principales de 1 a 4 d\u00edas h\u00e1biles.<br \/>\n\u2013 Resto del pa\u00eds de 3 a 8 d\u00edas h\u00e1biles.<\/p>\n<p><strong><a href=\"https:\/\/api.whatsapp.com\/send?phone=573124681462\" target=\"_blank\" rel=\"noopener\">\ud83d\udcf2\u00a0Compra por Whatsapp!<\/a><\/strong><\/p>\n","protected":false},"excerpt":{"rendered":"<p>Las Blusas tipo globo son una tendencia de esta temporada. Combinala con jeans, faldas o shorts.<\/p>\n<p>&nbsp;<\/p>\n<p>&nbsp;<\/p>\n","protected":false},"featured_media":4550,"comment_status":"open","ping_status":"closed","template":"","meta":{"_monsterinsights_skip_tracking":false,"_monsterinsights_sitenote_active":false,"_monsterinsights_sitenote_note":"","_monsterinsights_sitenote_category":0},"product_brand":[],"product_cat":[18,265],"product_tag":[111,48,112,113,21,27,28,29,30,35],"class_list":{"0":"post-4547","1":"product","2":"type-product","3":"status-publish","4":"has-post-thumbnail","6":"product_cat-blusas-y-tops","7":"product_cat-tendencias","8":"product_tag-blusa-corta","9":"product_tag-blusa-cuello-bandeja","10":"product_tag-blusa-terracota","11":"product_tag-blusas-de-moda","12":"product_tag-moda","13":"product_tag-moda-colombia","14":"product_tag-moda-juvenil","15":"product_tag-moda-mujer","16":"product_tag-moda-online-colombia","17":"product_tag-ropa-juvenil","19":"first","20":"instock","21":"taxable","22":"shipping-taxable","23":"purchasable","24":"product-type-variable"},"_links":{"self":[{"href":"https:\/\/abiutiendaonline.com\/home\/wp-json\/wp\/v2\/product\/4547","targetHints":{"allow":["GET"]}}],"collection":[{"href":"https:\/\/abiutiendaonline.com\/home\/wp-json\/wp\/v2\/product"}],"about":[{"href":"https:\/\/abiutiendaonline.com\/home\/wp-json\/wp\/v2\/types\/product"}],"replies":[{"embeddable":true,"href":"https:\/\/abiutiendaonline.com\/home\/wp-json\/wp\/v2\/comments?post=4547"}],"wp:featuredmedia":[{"embeddable":true,"href":"https:\/\/abiutiendaonline.com\/home\/wp-json\/wp\/v2\/media\/4550"}],"wp:attachment":[{"href":"https:\/\/abiutiendaonline.com\/home\/wp-json\/wp\/v2\/media?parent=4547"}],"wp:term":[{"taxonomy":"product_brand","embeddable":true,"href":"https:\/\/abiutiendaonline.com\/home\/wp-json\/wp\/v2\/product_brand?post=4547"},{"taxonomy":"product_cat","embeddable":true,"href":"https:\/\/abiutiendaonline.com\/home\/wp-json\/wp\/v2\/product_cat?post=4547"},{"taxonomy":"product_tag","embeddable":true,"href":"https:\/\/abiutiendaonline.com\/home\/wp-json\/wp\/v2\/product_tag?post=4547"}],"curies":[{"name":"wp","href":"https:\/\/api.w.org\/{rel}","templated":true}]}}