{"id":6518,"date":"2026-04-29T20:53:39","date_gmt":"2026-04-29T20:53:39","guid":{"rendered":"https:\/\/abiutiendaonline.com\/home\/?post_type=product&#038;p=6518"},"modified":"2026-04-29T21:00:47","modified_gmt":"2026-04-29T21:00:47","slug":"combo-basicas-manga-larga","status":"publish","type":"product","link":"https:\/\/abiutiendaonline.com\/home\/producto\/combo-basicas-manga-larga\/","title":{"rendered":"Combo B\u00e1sicas Manga Larga"},"content":{"rendered":"<p>\ud83d\udc96 Combo b\u00e1sicas manga larga<br \/>\nTalla: S M L<br \/>\nMaterial: Licra<br \/>\nManga larga<br \/>\nSilueta al cuerpo<\/p>\n<p>-Producto 100% Colombiano<\/p>\n<p>\ud83d\ude9b\u00a0Env\u00edos a todo Colombia<\/p>\n<p>\u2013 Ciudades principales de 1 a 4 d\u00edas h\u00e1biles.<br \/>\n\u2013 Resto del pa\u00eds de 3 a 8 d\u00edas h\u00e1biles.<\/p>\n<p><strong><a href=\"https:\/\/api.whatsapp.com\/send?phone=573124681462\" target=\"_blank\" rel=\"noopener\">\ud83d\udcf2\u00a0Compra por Whatsapp!<\/a><\/strong><\/p>\n<p>&nbsp;<\/p>\n","protected":false},"excerpt":{"rendered":"<p>Este combo no te puede faltar en tu closet, son 2 blusas b\u00e1sicas, en 2 tonos super combinales (Marfil y Mocha)\u00a0 Son perfectas para combinar con jeans, faldas, pantalones formales entre otros.<\/p>\n","protected":false},"featured_media":6520,"comment_status":"open","ping_status":"closed","template":"","meta":{"_monsterinsights_skip_tracking":false,"_monsterinsights_sitenote_active":false,"_monsterinsights_sitenote_note":"","_monsterinsights_sitenote_category":0},"product_brand":[],"product_cat":[442],"product_tag":[96,70,76,71,77,185,273,242,274,21,27,28,29,30,35],"class_list":{"0":"post-6518","1":"product","2":"type-product","3":"status-publish","4":"has-post-thumbnail","6":"product_cat-combo-del-mes","7":"product_tag-blusa-negra","8":"product_tag-bodys","9":"product_tag-bodys-cuello-tortuga","10":"product_tag-bodys-de-moda","11":"product_tag-bodys-negros","12":"product_tag-camisetas","13":"product_tag-camisetas-estampadas","14":"product_tag-crop-tops","15":"product_tag-mensajes-motivadores","16":"product_tag-moda","17":"product_tag-moda-colombia","18":"product_tag-moda-juvenil","19":"product_tag-moda-mujer","20":"product_tag-moda-online-colombia","21":"product_tag-ropa-juvenil","23":"first","24":"instock","25":"sale","26":"taxable","27":"shipping-taxable","28":"purchasable","29":"product-type-variable"},"_links":{"self":[{"href":"https:\/\/abiutiendaonline.com\/home\/wp-json\/wp\/v2\/product\/6518","targetHints":{"allow":["GET"]}}],"collection":[{"href":"https:\/\/abiutiendaonline.com\/home\/wp-json\/wp\/v2\/product"}],"about":[{"href":"https:\/\/abiutiendaonline.com\/home\/wp-json\/wp\/v2\/types\/product"}],"replies":[{"embeddable":true,"href":"https:\/\/abiutiendaonline.com\/home\/wp-json\/wp\/v2\/comments?post=6518"}],"wp:featuredmedia":[{"embeddable":true,"href":"https:\/\/abiutiendaonline.com\/home\/wp-json\/wp\/v2\/media\/6520"}],"wp:attachment":[{"href":"https:\/\/abiutiendaonline.com\/home\/wp-json\/wp\/v2\/media?parent=6518"}],"wp:term":[{"taxonomy":"product_brand","embeddable":true,"href":"https:\/\/abiutiendaonline.com\/home\/wp-json\/wp\/v2\/product_brand?post=6518"},{"taxonomy":"product_cat","embeddable":true,"href":"https:\/\/abiutiendaonline.com\/home\/wp-json\/wp\/v2\/product_cat?post=6518"},{"taxonomy":"product_tag","embeddable":true,"href":"https:\/\/abiutiendaonline.com\/home\/wp-json\/wp\/v2\/product_tag?post=6518"}],"curies":[{"name":"wp","href":"https:\/\/api.w.org\/{rel}","templated":true}]}}